). Suppose 8*i = -2*y + g*i + 28, -4*y + 56 = 2*i. What is the highest common factor of y and 126?
14
Let l be 8*(-2 - (-3)/1). Let q(x) = -x**2 + 11*x + 3. Let v be q(11). Suppose -l = 2*c - v*c. What is the greatest common factor of 80 and c?
8
Let i(z) = -11*z. Let h be i(-8). Calculate the greatest common factor of 8 and h.
8
Let t = -12 - 14. Let m be 231/14*t/(-3). Suppose -4*c + 4*h + 44 = 0, 0*c + 4*h + 18 = 2*c. Calculate the greatest common factor of c and m.
13
Let r(k) = -2*k**2 + 3*k + 6. Let i(t) = 9*t**2 - 16*t - 29. Let m(n) = -2*i(n) - 11*r(n). Let u be m(4). What is the greatest common divisor of u and 13?
13
Let i = -10 - -6. Let v be 468/(-27)*18/i. Calculate the highest common factor of 52 and v.
26
Let z(m) = -8*m - 9. Let s be z(-3). What is the highest common divisor of 240 and s?
15
Suppose 139 = 2*x + 5*f, -f = -0*x + x - 62. Let i(q) = 8*q - 3. Let t be i(-4). Let u = x + t. Calculate the greatest common divisor of 2 and u.
2
Let a be 2/6*(87 + 0). Let f = a - 12. Let k(p) = -5*p - 8. Let d be k(-5). What is the highest common factor of d and f?
17
Let u be 90/(-8) - (-3)/12. Let r = u - -27. What is the highest common factor of 80 and r?
16
Let x = -101 + -141. Suppose -q + 5*q = 1400. Let l = q + x. What is the greatest common factor of 12 and l?
12
Suppose 0*k - 5*k + 4*t = -263, 3*k - 3*t - 156 = 0. Suppose -r - 3*v = -4*v - 7, -5*v + 42 = 2*r. Calculate the greatest common divisor of k and r.
11
Let b = 11 - -4. Calculate the greatest common divisor of b and 15.
15
Suppose -2*r - 11 = -3*r. Suppose -3*p = -r + 2. Suppose 0*s - p*s = -126. What is the highest common divisor of s and 6?
6
Let x be 57/5 - (-2)/(-5). Let o be (-295)/(-3) + (-12)/(-18). Calculate the highest common divisor of o and x.
11
Let w(j) = -j**3 - 5*j**2 + 6*j + 5. Let s be w(-6). Suppose 0 = -3*b + t - 6*t + 100, 0 = -3*b - 4*t + 95. What is the greatest common divisor of s and b?
5
Let o = 2 - 0. Let s = 412 - 410. What is the greatest common factor of s and o?
2
Let b(j) = -j + 2. Let s be b(10). Let m = s + 11. Let u be -11*(2 - m) + 3. Calculate the highest common factor of 84 and u.
14
Let f(k) = -k + 3. Let n(z) = -z. Let q(d) = f(d) - 2*n(d). Let m be q(5). What is the greatest common factor of 16 and m?
8
Suppose -1 = n + 5*s, -5*s = -n + 5*n - 71. Let l(o) = o**2 + 2*o - 3. Let i be l(3). Calculate the highest common factor of i and n.
12
Let z = -576 + 977. Suppose -5*v = -3*n + z, -v + 122 + 405 = 4*n. Calculate the greatest common factor of 12 and n.
12
Let r(k) = 3*k - 8. Let j be r(8). Let c = 135 + -19. Suppose 0 = -4*f + c + 76. Calculate the highest common factor of j and f.
16
Suppose 0 = 5*t + t - 84. What is the greatest common divisor of t and 56?
14
Suppose 0*f + 65 = 5*f. Calculate the highest common divisor of 39 and f.
13
Let w = 22 + 2. Suppose 2*g + 2*g + w = 0. Let l be 6*(-4)/g*3. What is the greatest common factor of 4 and l?
4
Let a = 36 - 20. What is the highest common divisor of 144 and a?
16
Let n = 15 - 2. What is the greatest common divisor of 26 and n?
13
Let y(h) = h**3 - 3*h**2 - 2*h - 19. Let v be y(6). What is the greatest common divisor of v and 11?
11
Suppose 5*j = 211 + 19. Calculate the greatest common factor of j and 115.
23
Let i be -2 - (-1 + 2)/(3/(-930)). Calculate the highest common divisor of 28 and i.
28
Let r(f) = 3*f**2 - 2*f + 5. Let x be r(3). Calculate the highest common divisor of x and 26.
26
Let t = -16 + 8. Let x be (t/(-16))/(2/84). What is the greatest common divisor of 147 and x?
21
Let j be (4/6)/(2/(-18)). Let c be (j/9)/(1/(-21)). Let b = c - -31. Calculate the greatest common divisor of b and 30.
15
Suppose -7 - 2 = -n. Suppose 405 = -9*h + 14*h. Calculate the greatest common factor of n and h.
9
Let i(r) be the first derivative of r**3/3 - 3*r**2/2 + 5*r - 2. Let z be i(-10). Calculate the greatest common divisor of z and 15.
15
Let k(t) = -6 + 15 + 6*t + 0*t + t**2. Let c be k(-7). What is the highest common factor of 144 and c?
16
Suppose 0 = -2*h - 10, -5*h + 16 = 5*a - 9. Calculate the highest common divisor of a and 40.
10
Let j(t) = 10*t**2 + t. Suppose -14 = -3*a - 5*i, 17 - 1 = 2*a + 5*i. Let s be j(a). What is the highest common factor of s and 57?
19
Let h be 3/15 - 9/(-5). Suppose -5*z - 7 + 23 = -3*i, 0 = i + h. Calculate the greatest common divisor of 1 and z.
1
Let y(t) = -t**3 - t**2 - 2*t. Let l(v) = -v**2 - 2*v + 5. Let z be l(-4). Let d be y(z). Calculate the highest common divisor of d and 3.
3
Let k = 11 + -9. Suppose 100 + 138 = k*s. Let y(r) = 18*r - 1. Let q be y(1). Calculate the greatest common factor of q and s.
17
Suppose -4*j + 27 = -13. Let x = 217 - 134. Let g = x - 33. Calculate the highest common factor of j and g.
10
Let k be 46/(15/6 + -2). Calculate the greatest common divisor of 23 and k.
23
Let h = 18 - 2. Calculate the highest common divisor of h and 16.
16
Let w be 14 - 6 - 2/2. What is the greatest common divisor of 77 and w?
7
Let n be 55/10 - 1/2. Let x be n/(3/(-12)*-2). What is the highest common factor of x and 80?
10
Let q(b) = b**3 + 5*b**2 + 4*b - 1. Let h be q(-3). Suppose 0 = 4*k - 3*a - 2*a - 133, -5 = h*a. What is the highest common factor of k and 4?
4
Suppose 0 = p + 3*p + 84. Let q be (-196)/(-6) - (-14)/p. Suppose 10*b - 70 = 5*b - 5*f, -2*f - q = -4*b. Calculate the greatest common factor of b and 20.
10
Suppose -t = -3*c - 0*c + 133, 0 = -3*c - 4*t + 128. What is the highest common factor of 132 and c?
44
Suppose f = c - 26, 5*c = 4*f + 27 + 104. Let y = 2 - 2. Suppose 4*v - 4*w - 40 = y, -v + 4*w - 7 = -20. Calculate the greatest common divisor of v and c.
9
Let t be 0 - (-4 + 1 + 1). Let b = 1 + t. Let g(s) = -s + 1. Let u be g(0). What is the highest common divisor of u and b?
1
Let d(f) = -f**3 + 4*f**2 - 5*f + 2. Let n be d(7). Let u be ((-16)/(-6))/((-8)/n). What is the greatest common divisor of u and 12?
12
Suppose 0 = -3*z - 2*i + 44, 0*i = -4*z + i + 66. Suppose -57 - 7 = -2*l. What is the highest common divisor of l and z?
16
Suppose -4*o = -3*o - 16. What is the greatest common factor of o and 144?
16
Suppose 2*u - 8 - 4 = 0. Let s(b) = 3*b + 2. Let p be s(u). What is the greatest common factor of 8 and p?
4
Let n be (36/27)/((-2)/(-3)). Suppose -4*m = -m - 42. Calculate the greatest common divisor of n and m.
2
Let g = -9 - -20. What is the greatest common divisor of 121 and g?
11
Suppose 0 = 4*d - 0*d + 3*r + 3, 3*d + 3*r + 3 = 0. Suppose 0 = -d*i - 3*i + 24. Calculate the highest common divisor of 8 and i.
8
Suppose 4*u + 2*h - 14 = 0, -u + 4*h + 2 = 12. Suppose 198 = 5*x - j, 7*x - 2*x - 201 = u*j. Let y be x/1*3/9. What is the greatest common divisor of y and 65?
13
Suppose 0 = -4*a + a - 6. Let m be -1 + (-1 - a) + 3. Suppose -96 = -v - m*v. Calculate the highest common factor of 16 and v.
8
Suppose 0 = 6*w - 160 - 20. Calculate the greatest common factor of w and 20.
10
Let t = 10 - 6. Suppose -19 = -5*d + 2*l + 2*l, 0 = -t*d + 5*l + 17. Suppose d*i = -33 + 198. What is the greatest common divisor of i and 11?
11
Suppose 3*o + 0*o - 99 = 0. Suppose -2*s = -o - 15. Calculate the greatest common factor of 60 and s.
12
Suppose 2*q - 1 - 5 = 0. Suppose q*c - 6*c - 9 = 0, j + c = 33. What is the highest common factor of j and 4?
4
Let m be (5 + 0)/(-2 - -3). Suppose 5*b = 4*a, -4*a + 40 = -0*a + m*b. Let k = 10 - a. Calculate the greatest common divisor of 5 and k.
5
Let p be (1 + -1)/(3/1). Let x be 1/((-4)/(-180) + p). Calculate the highest common divisor of 18 and x.
9
Let u be (-1)/((7/14)/((-3)/6)). Calculate the greatest common factor of 4 and u.
1
Suppose -12*i + 8*i = -104. Calculate the highest common factor of i and 52.
26
Let q = -34 - -66. Let z(g) = -2*g - 4. Let n be z(-6). What is the highest common divisor of q and n?
8
Let w = 169 + -102. Let y = w + -43. Suppose -a - y = -3*a. What is the greatest common divisor of 36 and a?
12
Suppose 0 = -3*g + p + 185, 2*p - 16 = -2*p. Let t(v) = -6*v - 2. Let z be t(-2). Suppose 3*l - z = 17. Calculate the highest common divisor of g and l.
9
Let r(d) = -81*d**3 + d. Let c be r(-1). Suppose 3*g - 21 = -2*x + 39, -2*g + 3*x + 40 = 0. Calculate the highest common factor of g and c.
20
Let d(p) = 4*p**2 - 4*p - 6. Let h be d(-3). Calculate the 